the prime factors of u(-3).
2, 3, 109
Suppose 4*j = 2*r + 5*j - 7601, 3*j = -15. List the prime factors of r.
3803
Let v(m) = -2*m**3 + 8*m**2 - m. Let a be v(4). Let c be -6*(1 - (-6)/a). Suppose -2*j - 5*x + 215 = 0, c*j - x = -3*x + 295. What are the prime factors of j?
5, 19
Let r = -266 - -272. Suppose r - 46 = -2*w. What are the prime factors of w?
2, 5
Suppose -48 = -2*n + 52. Suppose 502 = -48*x + n*x. What are the prime factors of x?
251
Let d = 141 - 153. Let o(q) = -q**3 - 12*q**2 - 3*q + 8. What are the prime factors of o(d)?
2, 11
Let a(i) = i**3 - 5*i**2 - 15*i - 1. Let j be a(-2). Suppose -2*t + 13 = -5*w - 20, 2*w + 42 = 4*t. What are the prime factors of -2 - (6*(-138)/t - j)?
7, 13
List the prime factors of -24 - (24 + 23052)/(-2).
2, 3, 19, 101
Let m be (-4 - 16)/((-78)/74 - -1). Let g be -191*1/(-1) - 0. Let t = m - g. What are the prime factors of t?
179
Let o = 91455 + -49534. What are the prime factors of o?
11, 37, 103
Suppose -876970 + 88613 = -64*u + 1709179. List the prime factors of u.
2, 3, 271
Let s = 505 + -256. Let h = -236 - -146. Let z = h + s. List the prime factors of z.
3, 53
Suppose -104 = -6*a + 28. Suppose 2*f + 5980 = a*f. List the prime factors of f.
13, 23
Let v be 0 - 0 - (30 - (4 + -2)). What are the prime factors of -4*(1267/v + -2 + 5)?
13
Let t(y) = 174*y**3 - 5*y**2 + 22*y - 37. Let j(p) = -116*p**3 + 3*p**2 - 14*p + 24. Let u(s) = -8*j(s) - 5*t(s). List the prime factors of u(2).
3, 5, 31
Suppose -711*z - 33354 = -717*z. What are the prime factors of z?
3, 17, 109
Let x(i) = 1609*i - 5. Let y be x(1). Suppose 3*z = 4*s - 0*z - y, 0 = -3*s - 3*z + 1203. What are the prime factors of s?
401
Let a be ((-15)/4 + 3)/((-4)/16). Suppose 4*q - a*q - 237 = 0. List the prime factors of q.
3, 79
Suppose 3*r - 15298 = -g, 66152 = 5*g + 2*r - 10273. What are the prime factors of g?
17, 29, 31
Suppose 2*r + 3*p + 1481 = 30364, 0 = -3*r - 5*p + 43327. List the prime factors of r.
2, 7, 1031
Let t(b) = -32*b + 44. Let c(x) = -3*x + 1. Let y(r) = 3*c(r) - t(r). Let f be 10*(-1 + 0)*-1. List the prime factors of y(f).
3, 7
Suppose -13*g - 19*g + 18208 = 0. Suppose -d - 5*o = -198, -475 = -5*d + 2*o + g. List the prime factors of d.
2, 13
Let u(c) = -33 - 23*c + 2*c + 10. Let j be u(-9). Suppose z = y + 2*y + j, 0 = z + y - 186. What are the prime factors of z?
181
Let h = 216450 - 120151. What are the prime factors of h?
7, 13757
Suppose -f = 5*r - 31707, 516*r - 3*f + 6333 = 517*r. What are the prime factors of r?
2, 3, 7, 151
Let k(x) = 469*x - 55. Let d(t) = 156*t - 18. Let c(h) = 11*d(h) - 4*k(h). Let m be c(-11). What are the prime factors of (1/(-2))/((-11)/m)?
3
Suppose -4*x + b = -1678, -5*x - 906 = -2*b - 3005. Suppose -x*u = -410*u - 342. List the prime factors of u.
2, 19
Suppose 47 = -4*z - 9. Let w(g) = -13*g - 46. Let p be w(z). Suppose -6*d = -692 - p. What are the prime factors of d?
2, 3, 23
Suppose 0 = -3*u + 7*u - 5*b - 83, 0 = -5*u - 3*b + 150. What are the prime factors of (-360)/u + 13 - (-694)/3?
3, 7, 11
Suppose 0 = 4*o - 5*j - 27328, -4*o - j = -11258 - 16022. What are the prime factors of o?
2, 3, 379
Suppose 20 = 10*f - 8*f. Let p be 168/35 + 2/f. Suppose 5*x = -3*i + 587, -x - p*i + 135 = -0*x. List the prime factors of x.
5, 23
Suppose 166402 + 137330 = 33*g. List the prime factors of g.
2, 3, 13, 59
Let w(x) = -28*x**3 - 8*x**2 - 39*x - 5. List the prime factors of w(-4).
3, 5, 11
Let i(q) = -q**3 + 24*q**2 + 1488*q - 12. What are the prime factors of i(46)?
2, 5471
Let p = 28 - 24. Suppose p*k = -16*k - 40. What are the prime factors of -4 + 2 + (11*15 - k)?
3, 5, 11
Let y(c) = 299*c**2 - 64*c - 113. List the prime factors of y(-6).
5, 2207
Let y be (2/(-2))/(-4 - -5). Let f be 4 + (1 - (y + 2)). Suppose -2*t + f*d + 100 = d, -t + 43 = 2*d. What are the prime factors of t?
47
Suppose 11*u - 878112 = -5*u - 32*u. What are the prime factors of u?
2, 3, 3049
Let h be -3 - -7 - -3*(-3)/(-9). Suppose 3*l = -j - 3, 0 = -3*l - 5*j - 0*j - 15. Suppose l = 3*u - h*g - 140, g + 196 = 5*u + 2*g. List the prime factors of u.
2, 5
Let d = -9129 + 20216. List the prime factors of d.
11087
Let n(j) = 32*j + 99. Let c = 98 - 74. What are the prime factors of n(c)?
3, 17
Suppose -2*k + 24950 + 12012 = 3*z, -4*k + 12304 = z. List the prime factors of z.
2, 3, 13, 79
Suppose 0 = 79*k - 116*k + 55648. List the prime factors of k.
2, 47
Suppose -10554 = 46*h - 24*h - 23*h. List the prime factors of h.
2, 3, 1759
Let b be ((-77416)/30)/(-4) + 54/(-405). Suppose -5*j = 135 - b. List the prime factors of j.
2, 3, 17
What are the prime factors of (2/(-4))/((-46)/(-92))*-15759?
3, 17, 103
Let a(v) = -v**3 - 2*v**2 - 10. Let y be (51/(-34))/(1/6). What are the prime factors of a(y)?
557
Let o be 51/10*-166 - (-4)/(-10). What are the prime factors of 4/2 + (-27 - o)?
2, 3, 137
Let t(b) = -2025*b + 225. Let p(l) = 368*l - 41. Let i(f) = 27*p(f) + 5*t(f). What are the prime factors of i(-3)?
3, 5, 13
List the prime factors of 4 + -8 + -6 - (7 - 10826).
3, 1201
Let m = -56 - -60. List the prime factors of ((-12)/(-15))/(m/1160).
2, 29
Suppose 30*h + 103705 = 768508 + 199617. What are the prime factors of h?
2, 14407
Let l be 15580/615*(-6)/8. Suppose 5*w - 3*w = 5*x + 112, 0 = w + 4*x - 30. Let r = w - l. List the prime factors of r.
5, 13
Suppose -3*z = 7*t - 6868, -2289 + 351 = -2*t + 4*z. List the prime factors of t.
11, 89
Let y(o) = 4*o**2 - 3*o + 37. Let h be y(-22). Suppose -10*c + 5*b + h = -7*c, 5*b - 1401 = -2*c. Suppose 49*z - c = 45*z. What are the prime factors of z?
2, 43
Let n(b) = 2*b**3 + 3*b**2 + b - 6. Let r be n(3). Suppose 0*y - 2*y = -r. Let h = y + -24. List the prime factors of h.
3, 5
Suppose -3*a - 2*k = -13839, -2*a - 2*k = -11685 + 2455. What are the prime factors of a?
11, 419
Let t(w) = -4*w**2 + w + 1. Let q(r) = -2*r - 2. Let b be q(0). Let n be t(b). Let c = 65 + n. List the prime factors of c.
2, 3
Let m(j) = 15*j - 58. Suppose 0 = 4*g - 25 - 15. What are the prime factors of m(g)?
2, 23
Let a(g) = -5*g**3 + 21*g**2 + 21*g + 8. Let j(d) = -6*d**3 + 21*d**2 + 21*d + 9. Let u(o) = 7*a(o) - 6*j(o). What are the prime factors of u(-18)?
2, 149
Suppose 6206 = 2*r + 4*q, -4*r - 2*q + 4750 = -7680. List the prime factors of r.
3109
Suppose 109 = 24*p - 23*p. Let v be 1824/7 - (-21)/49. Let l = v - p. List the prime factors of l.
2, 19
Suppose 2 = r - 2*k - 42, -3*k = 2*r - 116. What are the prime factors of (11850/39 - (-8)/r) + -3?
7, 43
Suppose 3*j = 4*p - 12, 0 = 5*p - 2*p + j + 4. Let o(f) = 2*f**2 + 410. Let g be o(p). Suppose 8*q - g = 3*q. What are the prime factors of q?
2, 41
Suppose 205*d - 1494572 + 480002 = 1376550. List the prime factors of d.
2, 3
Let o = 481 + -474. Suppose 0 = 3*m - o*m + 88. List the prime factors of m.
2, 11
Let l(x) = 3*x**2 + 4*x + 24. Let d(t) = t**2 + 13*t + 28. Let v be d(-5). What are the prime factors of l(v)?
2, 3, 17
Let r = 683 - 690. List the prime factors of 1468 - 27 - (-2 + r).
2, 5, 29
List the prime factors of ((-1)/9 - (-1597428)/1701)*(0 - -7).
3, 7, 313
Suppose 4*x - 24928 = -130*p + 135*p, 5*p = 20. List the prime factors of x.
3, 7, 11
What are the prime factors of -2 + 96/44 - 56470/(-22)?
17, 151
Suppose 8*z + 10*z = 15657 + 72273. List the prime factors of z.
5, 977
Let g(y) = 17*y**2 - 28*y + 10. Let c be g(-4). Let f(b) = b - 2. Let j be f(4). Suppose -o + j*l + 90 = 0, -o - 4*o + c = 4*l. List the prime factors of o.
2, 41
Suppose -12*o + 22 = -38. Suppose -o*i + 2*h + 3747 = 0, -3*i = h + 2*h - 2244. List the prime factors of i.
7, 107
Suppose -2*r - 5*m + 28 = 0, -4*r - 5*m = -r - 32. Let l be 42/r*(-4 - 4). What are the prime factors of 3 - (l*1 + 2)?
5, 17
Suppose -111853 = -133*o + 114*o. List the prime factors of o.
7, 29
Let v be -1*(81/9 + -2). List the prime factors of v + 16 - (-1313)/1.
2, 661
Let m(q) = -126*q + 1059. List the prime factors of m(-13).
3, 29, 31
Let c(a) = 10498*a + 25. Let z be c(7). Let d = z - 43663. What are the prime factors of d/210 + (-4)/30?
2, 71
Suppose 0 = 3*t - 32 + 110. What are the prime factors of t - -594 - (-10)/(-2)?
563
What are the prime factors of (-484)/(-363) + 42832/6?
2, 3, 5, 7, 17
Let h = 39 - 80. Let k = h + 46. Let z(p) = 28*p + 23. What are the prime factors of z